ase 2, what is -101 - -11011?
10110
In base 8, what is 42 + 4?
46
In base 14, what is -2aa - -2?
-2a8
In base 6, what is -4 - 2303?
-2311
In base 5, what is -30 + -11?
-41
In base 5, what is -2213042 + -2?
-2213044
In base 6, what is -54 - 305?
-403
In base 4, what is 2300 - -1200?
10100
In base 15, what is -1eea - 4?
-1eee
In base 6, what is 245 - 13?
232
In base 16, what is -3c1 - -4?
-3bd
In base 7, what is -5 - 5120?
-5125
In base 6, what is 3 + 20422?
20425
In base 13, what is 1 + 19?
1a
In base 4, what is -10 - 1001?
-1011
In base 14, what is -a67 - 3?
-a6a
In base 2, what is 100 + -10101?
-10001
In base 14, what is 5 + 60?
65
In base 9, what is 38 - 3?
35
In base 5, what is 10 + -202240?
-202230
In base 15, what is -7 - -96?
8e
In base 3, what is 0 + -120?
-120
In base 10, what is 1 - -53?
54
In base 15, what is 33 + -5?
2d
In base 8, what is 2446 + 11?
2457
In base 15, what is -102 + -2?
-104
In base 8, what is 61 + 127?
210
In base 15, what is -5 - -1?
-4
In base 12, what is -1 - 1073?
-1074
In base 5, what is -13432 - -10?
-13422
In base 13, what is 151 - -21?
172
In base 8, what is 460 + 4?
464
In base 15, what is -3e + -9?
-48
In base 8, what is 1 - -20?
21
In base 2, what is 111011110 - 0?
111011110
In base 13, what is -5 + -a01?
-a06
In base 13, what is -31 + -54?
-85
In base 12, what is -89 - -2?
-87
In base 12, what is -37a3 + -4?
-37a7
In base 2, what is 10 + 110100000?
110100010
In base 15, what is 8 + 77?
80
In base 8, what is 135 - 1?
134
In base 14, what is -5 - 107?
-10c
In base 12, what is -415 - 2?
-417
In base 16, what is 125 - -1?
126
In base 3, what is -110 + 1001120?
1001010
In base 2, what is -11100000 - -10?
-11011110
In base 16, what is -2f - -15?
-1a
In base 2, what is 1111001 + -1010001?
101000
In base 9, what is 86 + 31?
127
In base 14, what is 2 - -43?
45
In base 7, what is 1 - -253?
254
In base 15, what is -265 - a?
-270
In base 13, what is -c45 - 1?
-c46
In base 6, what is -1354 - -1?
-1353
In base 12, what is 16 + -b4?
-9a
In base 9, what is 42 + 43?
85
In base 10, what is -781 - -15?
-766
In base 7, what is 121566 - 2?
121564
In base 10, what is -1291 - 4?
-1295
In base 5, what is 114 - 0?
114
In base 9, what is 27 - -7?
35
In base 12, what is 4 + b8?
100
In base 5, what is 1122 + -3?
1114
In base 13, what is -2b + 0?
-2b
In base 16, what is 3 - 80?
-7d
In base 16, what is -3 - 4c?
-4f
In base 14, what is 1 + -5a7?
-5a6
In base 13, what is 97 - 6?
91
In base 4, what is 3 - -100233?
100302
In base 6, what is 11204 + 0?
11204
In base 13, what is -45 - -59?
14
In base 6, what is 0 + -102?
-102
In base 11, what is -8 - 2aa?
-307
In base 16, what is 4 + 86d?
871
In base 3, what is 22 + 11012?
11111
In base 12, what is 1 + -85b?
-85a
In base 12, what is 0 - 1225?
-1225
In base 4, what is 31 - 3113?
-3022
In base 5, what is -1334 - -41?
-1243
In base 12, what is 1a + 3?
21
In base 13, what is -6 - 138?
-141
In base 3, what is 211 + 2011?
2222
In base 12, what is -1 + b2?
b1
In base 15, what is d6 + -1b?
ba
In base 11, what is -348 + 13?
-335
In base 9, what is 1430 + -2?
1427
In base 11, what is 21 - 2a?
-9
In base 13, what is -a + -2?
-c
In base 13, what is -7 - 2?
-9
In base 6, what is 3 - -14?
21
In base 5, what is 340 - -4?
344
In base 12, what is -83 + 5?
-7a
In base 3, what is 0 - -11020?
11020
In base 10, what is 6 + -1057?
-1051
In base 14, what is 1039 + 0?
1039
In base 15, what is -30 + 27?
-8
In base 8, what is 1 - 2565?
-2564
In base 2, what is 1000010110011 - -101?
1000010111000
In base 11, what is 64 - -18?
81
In base 16, what is 9d2 + -3?
9cf
In base 3, what is 11 - 21011?
-21000
In base 10, what is -4 - 7?
-11
In base 5, what is 34033 - 4?
34024
In base 9, what is 30 - -7?
37
In base 6, what is 4 + -10201?
-10153
In base 13, what is -137 - 4?
-13b
In base 6, what is 120 + 2?
122
In base 9, what is 24403 - -1?
24404
In base 7, what is 232 + -36?
163
In base 3, what is 1 + 1121?
1122
In base 9, what is -5 - 324?
-330
In base 10, what is 280 + 4?
284
In base 3, what is -1 - 2121?
-2122
In base 2, what is 11110 - 0?
11110
In base 9, what is -43680 - 1?
-43681
In base 12, what is 0 + 83?
83
In base 15, what is 17 - -6?
1d
In base 4, what is 33 - -13200?
13233
In base 15, what is 60 + -4a?
15
In base 12, what is 2 + -56?
-54
In base 15, what is 13 + -15?
-2
In base 7, what is -42 + -33?
-105
In base 15, what is -4 + -a9?
-ad
In base 14, what is -1 - 1149?
-114a
In base 14, what is -81 + -14?
-95
In base 9, what is -4 + -1301?
-1305
In base 8, what is 132 + -5?
125
In base 9, what is -25 + -16?
-42
In base 6, what is 1035 - 2?
1033
In base 15, what is 3 + 0?
3
In base 6, what is -1 + 50?
45
In base 2, what is 1011011111110 - -1?
1011011111111
In base 12, what is -49 + -9?
-56
In base 3, what is -10 - 201?
-211
In base 12, what is 5 + 15?
1a
In base 3, what is 1110 + -101?
1002
In base 3, what is 210122 - 102?
210020
In base 15, what is 18da + -4?
18d6
In base 14, what is 209 + 1?
20a
In base 12, what is 4 - -2?
6
In base 7, what is -340 - -25?
-312
In base 14, what is 4 - -1bb?
1c1
In base 8, what is -73 - 1?
-74
In base 12, what is -10 - 19?
-29
In base 2, what is 0 - -11010001?
11010001
In base 5, what is 0 + -3320?
-3320
In base 9, what is 121 - 2?
118
In base 6, what is -342 - 4?
-350
In base 4, what is -12 + 1333?
1321
In base 14, what is 2d + 3?
32
In base 13, what is -2 + -86?
-88
In base 12, what is 0 + -91?
-91
In base 7, what is -5 - -42?
34
In base 3, what is 10 + -12?
-2
In base 12, what is -2 - 3a?
-40
In base 13, what is -68 + 0?
-68
In base 6, what is -23 - 102?
-125
In base 9, what is 4 + 364?
368
In base 10, what is -17 - -8?
-9
In base 6, what is -413 + 13?
-400
In base 11, what is -1 + -17?
-18
In base 12, what is -997 + 0?
-997
In base 6, what is 355 - -155?
554
In base 14, what is -29 - 2?
-2b
In base 7, what is -416 - -5?
-411
In base 4, what is -3 + -12010?
-12013
In base 3, what is 111 - -102010?
102121
In base 5, what is 21 + 14130?
14201
In base 6, what is -32055 + 3?
-32052
In base 3, what is -21 - -200220?
200122
In base 8, what is 14763 + 0?
14763
In base 15, what is -2 - -d4?
d2
In base 16, what is 4 + 66?
6a
In base 9, what is 3 - -62?
65
In base 9, what is 83 - -18?
112
In base 15, what is -d6 + -1?
-d7
In base 12, what is 3 + 188?
18b
In base 9, what is 4 - 383?
-378
In base 4, what is -2133 - -3?
-2130
In base 11, what is -83 - -1?
-82
In base 6, what is 24415 - 2?
24413
In base 6, what is -4 - 41?
-45
In base 2, what is -100 + 11111011?
11110111
In base 15, what is 4d5 - 5?
4d0
In base 12, what is 58 + -3?
55
In base 12, what is 6 + a5?
ab
In base 11, what is 72 - 13?
5a
In base 16, what is -4 - -182?
17e
In base 12, what is -150 - -2?
-14a
In base 5, what is 12322 - -2?
12324
In base 7, what is 11 - 16266?
-16255
In base 10, what is -19 + -4?
-23
In base 8, what is 32 + -16?
14
In base 2, what is -11 - -100000101110?
100000101011
In base 16, what is -13 - -2?
-11
In base 10, what is -2 + 3528?
3526
In base 2, what is -1110 + 10000?
10
In base 5, what is 110001 + 3?
110004
In base 5, what is -20 + 10201?
10131
In base 11, what is 2 - 21?
-1a
In base 16, what is 257 + 4?
25b
In base 16, what is 4a - 57?
-d
In base 11, what is -461 - -1?
-460
In base 11, what is 0 + 11?
11
In base 15, what is -2ea + -7?
-302
In base 13, what is 5 + -59?
-54
In base 5, what is -43 - 11114?
-11212
In base 10, what is -72 - 94?
-166
In base 13, what is 603 + 2?
605
In base 3, what is -2 - 11221101?
-11221110
In base 14, what is 1 + 3a?
3b
In base 3, what is 111 - -2?
120
In base 6, what is 4 - -415?
423
In base 3, what is 200 - 22001?
-21101
In base 12, what is 5 + -59a?
-595
In base 7, what is 233 + 16?
252
In base 16, what is 2be + -2?
2bc
In base 12, what is a0 - 15?
87
In base 6, what is -1021 + 4?
-1013
In base 13, what is -2 + 2?
0
In base 12, what is -a9a + -3?
-aa1
In base 3, what is 2212000 - 2?
2211221
In base 4, what is 0 - 12300?
-12300
In base 7, what is 6 + -160?
-151
In base 4, what is 12101 + 2?
12103
In base 12, what is -7 - -13?
8
In base 5, what is 1310 + 130?
1440
In base 15, what is -17 + 7?
-10
In base 9, what is 262 + -4?
257
In base 5, what is -3123 - -1?
-3122
In base 3, what is -210 + -1210?
-2120
In base 12, what is -2 + -56?
-58
In base 4, what is -10 - 221?